at is the remainder when 179 is divided by 51?
26
What is the remainder when 557 is divided by 16?
13
Calculate the remainder when 7959 is divided by 199.
198
Calculate the remainder when 434 is divided by 87.
86
Calculate the remainder when 282 is divided by 260.
22
What is the remainder when 312 is divided by 43?
11
What is the remainder when 24 is divided by 4?
0
What is the remainder when 114 is divided by 29?
27
Calculate the remainder when 995 is divided by 241.
31
What is the remainder when 590 is divided by 131?
66
Calculate the remainder when 2233 is divided by 1111.
11
Calculate the remainder when 2064 is divided by 13.
10
What is the remainder when 5537 is divided by 2?
1
Calculate the remainder when 74 is divided by 11.
8
Calculate the remainder when 594 is divided by 20.
14
What is the remainder when 89 is divided by 49?
40
Calculate the remainder when 81 is divided by 28.
25
Calculate the remainder when 388 is divided by 140.
108
What is the remainder when 719 is divided by 45?
44
Calculate the remainder when 9260 is divided by 1851.
5
What is the remainder when 332 is divided by 123?
86
Calculate the remainder when 181 is divided by 83.
15
What is the remainder when 3505 is divided by 10?
5
Calculate the remainder when 127 is divided by 36.
19
What is the remainder when 509 is divided by 43?
36
What is the remainder when 186 is divided by 96?
90
Calculate the remainder when 16753 is divided by 114.
109
Calculate the remainder when 758 is divided by 236.
50
What is the remainder when 153 is divided by 4?
1
Calculate the remainder when 13332 is divided by 118.
116
What is the remainder when 587 is divided by 19?
17
Calculate the remainder when 242 is divided by 233.
9
Calculate the remainder when 484 is divided by 179.
126
What is the remainder when 70 is divided by 69?
1
What is the remainder when 2056 is divided by 35?
26
What is the remainder when 417 is divided by 28?
25
What is the remainder when 451 is divided by 59?
38
Calculate the remainder when 36 is divided by 11.
3
What is the remainder when 17414 is divided by 129?
128
Calculate the remainder when 5928 is divided by 69.
63
Calculate the remainder when 787 is divided by 61.
55
Calculate the remainder when 98 is divided by 31.
5
Calculate the remainder when 369 is divided by 16.
1
Calculate the remainder when 2764 is divided by 347.
335
What is the remainder when 226 is divided by 19?
17
What is the remainder when 1086 is divided by 104?
46
What is the remainder when 30 is divided by 10?
0
What is the remainder when 440 is divided by 17?
15
Calculate the remainder when 90 is divided by 14.
6
Calculate the remainder when 79 is divided by 65.
14
What is the remainder when 889 is divided by 39?
31
Calculate the remainder when 899 is divided by 20.
19
What is the remainder when 114 is divided by 60?
54
What is the remainder when 252 is divided by 64?
60
What is the remainder when 17 is divided by 5?
2
Calculate the remainder when 1075 is divided by 125.
75
What is the remainder when 346 is divided by 4?
2
What is the remainder when 4873 is divided by 39?
37
Calculate the remainder when 1607 is divided by 108.
95
What is the remainder when 253 is divided by 66?
55
Calculate the remainder when 56 is divided by 23.
10
Calculate the remainder when 186 is divided by 33.
21
Calculate the remainder when 983 is divided by 2.
1
Calculate the remainder when 2729 is divided by 65.
64
Calculate the remainder when 351 is divided by 22.
21
Calculate the remainder when 1674 is divided by 245.
204
What is the remainder when 90 is divided by 20?
10
What is the remainder when 472 is divided by 292?
180
What is the remainder when 13 is divided by 4?
1
Calculate the remainder when 385 is divided by 132.
121
Calculate the remainder when 915 is divided by 51.
48
Calculate the remainder when 46 is divided by 11.
2
What is the remainder when 4952 is divided by 37?
31
Calculate the remainder when 238 is divided by 112.
14
Calculate the remainder when 209 is divided by 16.
1
What is the remainder when 95 is divided by 48?
47
Calculate the remainder when 1416 is divided by 469.
9
What is the remainder when 28158 is divided by 64?
62
What is the remainder when 200 is divided by 46?
16
Calculate the remainder when 10288 is divided by 251.
248
What is the remainder when 76 is divided by 13?
11
What is the remainder when 105 is divided by 56?
49
What is the remainder when 164 is divided by 90?
74
What is the remainder when 831 is divided by 76?
71
What is the remainder when 1824 is divided by 31?
26
What is the remainder when 71 is divided by 37?
34
What is the remainder when 2363 is divided by 14?
11
What is the remainder when 2428 is divided by 809?
1
Calculate the remainder when 428 is divided by 39.
38
Calculate the remainder when 1474 is divided by 84.
46
What is the remainder when 2019 is divided by 52?
43
Calculate the remainder when 794 is divided by 57.
53
What is the remainder when 7 is divided by 6?
1
Calculate the remainder when 365 is divided by 162.
41
What is the remainder when 923 is divided by 36?
23
Calculate the remainder when 236 is divided by 93.
50
Calculate the remainder when 1050 is divided by 9.
6
What is the remainder when 1339 is divided by 13?
0
What is the remainder when 274 is divided by 61?
30
What is the remainder when 950 is divided by 241?
227
Calculate the remainder when 997 is divided by 25.
22
What is the remainder when 128 is divided by 56?
16
Calculate the remainder when 400 is divided by 67.
65
What is the remainder when 275 is divided by 39?
2
What is the remainder when 3663 is divided by 193?
189
What is the remainder when 2257 is divided by 206?
197
What is the remainder when 1673 is divided by 2?
1
Calculate the remainder when 470 is divided by 11.
8
Calculate the remainder when 959 is divided by 120.
119
Calculate the remainder when 206 is divided by 21.
17
Calculate the remainder when 55 is divided by 14.
13
Calculate the remainder when 83 is divided by 9.
2
Calculate the remainder when 73 is divided by 38.
35
Calculate the remainder when 1855 is divided by 38.
31
What is the remainder when 2113 is divided by 31?
5
Calculate the remainder when 197 is divided by 100.
97
Calculate the remainder when 473 is divided by 25.
23
Calculate the remainder when 358 is divided by 20.
18
Calculate the remainder when 647 is divided by 11.
9
Calculate the remainder when 1362 is divided by 14.
4
Calculate the remainder when 42 is divided by 15.
12
Calculate the remainder when 255 is divided by 90.
75
What is the remainder when 1523 is divided by 109?
106
What is the remainder when 116 is divided by 3?
2
Calculate the remainder when 279 is divided by 68.
7
Calculate the remainder when 108 is divided by 39.
30
What is the remainder when 49428 is divided by 296?
292
What is the remainder when 215 is divided by 48?
23
What is the remainder when 5515 is divided by 7?
6
What is the remainder when 1548 is divided by 257?
6
What is the remainder when 441 is divided by 91?
77
What is the remainder when 17 is divided by 9?
8
What is the remainder when 229 is divided by 26?
21
Calculate the remainder when 210 is divided by 109.
101
What is the remainder when 371 is divided by 70?
21
What is the remainder when 2022 is divided by 118?
16
Calculate the remainder when 371 is divided by 126.
119
Calculate the remainder when 915 is divided by 102.
99
Calculate the remainder when 431 is divided by 39.
2
Calculate the remainder when 221 is divided by 60.
41
What is the remainder when 1342 is divided by 158?
78
Calculate the remainder when 554 is divided by 137.
6
Calculate the remainder when 192 is divided by 28.
24
What is the remainder when 359 is divided by 33?
29
What is the remainder when 1034 is divided by 211?
190
Calculate the remainder when 45 is divided by 7.
3
What is the remainder when 254 is divided by 54?
38
Calculate the remainder when 1266 is divided by 21.
6
What is the remainder when 120 is divided by 64?
56
What is the remainder when 556 is divided by 83?
58
Calculate the remainder when 922 is divided by 211.
78
What is the remainder when 306 is divided by 65?
46
Calculate the remainder when 48 is divided by 10.
8
What is the remainder when 1075 is divided by 77?
74
Wha